 - 3, 5*q = 2*o + 30. What is the units digit of q?
8
Let l = 331 + -115. What is the hundreds digit of l?
2
Let i = -2 - 2. Let h = 4 + i. Suppose -3*q - 3*f - 2*f + 22 = h, -q + 3*f - 2 = 0. What is the units digit of q?
4
Let d be (-30)/7 - 2/(-7). What is the units digit of (2/d)/((-3)/30)?
5
Suppose q + 3 = -5*k, -k - 4*k - 9 = -2*q. Suppose p - 69 = -q*p. What is the tens digit of p?
2
Suppose -3*q + 62 + 297 = -5*u, -4*q = u - 494. What is the units digit of q?
3
Let g(d) = 33*d - 25. What is the units digit of g(9)?
2
Let b = 22 + -16. Suppose b*p - 15 = 3*p. What is the units digit of p?
5
Let w = 16 + 5. What is the units digit of w?
1
Let i(w) = w**3 - 6*w**2 - 4*w + 4. Let o be i(6). Let y = -12 - o. What is the units digit of y?
8
Suppose 0 = i + 3*i + 5*h - 13, 2*i - 9 = -5*h. Suppose 16 = i*n + 2*n. What is the units digit of n?
4
Let k = 39 - -176. What is the tens digit of k?
1
Suppose -4*o + 0*b = -b + 4, b + 4 = 0. Let j(d) = 6*d - 3*d - 5*d. What is the units digit of j(o)?
4
Let m be (27/(-36))/(2/(-8)). Suppose -n = -m*n + 62. What is the units digit of n?
1
Let b = -3 + -2. Let d be (3/5)/((-1)/b). Suppose 5*j + 7*u - 5*u = 24, -d*j + 30 = -4*u. What is the units digit of j?
6
Let f = 16 - 11. Suppose -3*w = -5*l - 75, f*l - 66 = -2*w + 3*l. Let o = -20 + w. What is the units digit of o?
0
Let l(y) = -y**2 - 14*y - 6. What is the units digit of l(-10)?
4
Let m(c) = -7*c - 3. Let d(a) = -6*a - 3. Let x(w) = 6*d(w) - 5*m(w). Let v be x(6). What is the tens digit of ((-60)/v + -3)*3?
1
Let x = 123 + 126. What is the units digit of x?
9
Let j(i) = 7*i - 1. Suppose -4*l - 3*u = -4, 5*u + 2 + 0 = 2*l. Let m be j(l). Let z = -2 + m. What is the units digit of z?
4
Let p be (-63)/15 + 2/10. Let r = p + 2. What is the units digit of (-4)/r + 7 - 0?
9
Let a = 75 - 6. What is the tens digit of a?
6
Let u(s) = -s + 7. Let h be u(-11). Suppose 0 = -2*n + 4*n - h. What is the units digit of n?
9
Let y be (-75)/2 + (-1)/2. What is the units digit of (-4)/(-6) + y/(-6)?
7
Suppose 16 = z - 71. What is the units digit of z?
7
Let z = -2 - -4. Let u(g) = 2*g - 2. What is the units digit of u(z)?
2
Let k(g) = g**3 + 5*g**2 + 5*g + 4. Let i be k(-4). Suppose -32 = -2*b - 2*b. Suppose c + c - b = i. What is the units digit of c?
4
Suppose 2*c - 2 + 4 = 2*t, t + 4*c - 1 = 0. Suppose w - 8 = t. What is the units digit of w?
9
Let p = 28 + -8. What is the tens digit of 9/(-6)*p/(-2)?
1
What is the units digit of -1*(-1)/(-3) + 5275/75?
0
Suppose 4*w - 543 = 5*q, -5*w + 9*w + 3*q - 583 = 0. What is the hundreds digit of w?
1
Suppose 0 = 7*j + 313 - 1482. What is the tens digit of j?
6
Suppose -2*b - 1020 = -5*i, 2*i - 4*b - 507 = -83. What is the tens digit of i?
0
Let f(r) = -8*r - 9. Let q(c) = -15*c - 17. Let p(u) = 11*f(u) - 6*q(u). What is the units digit of p(4)?
1
Let m be (4/(-2) + 1)*5. Let r be (-1)/2*0 - 19. Let q = m - r. What is the units digit of q?
4
Let b(y) = -y + 8. Let h be b(5). Suppose -16 = -g - h*s + 16, -3*g + 57 = -4*s. What is the tens digit of g?
2
Suppose -3*c - 10 = -8*c. Suppose 0 = 4*i - c*i. Suppose -15 = -q - 0*q - 5*m, -2*q - 3*m + 23 = i. What is the tens digit of q?
1
Let b = -1 + 3. What is the units digit of -1*(-7 - (-1 + b))?
8
Let p = 3 + 28. What is the tens digit of p?
3
Let k(d) be the third derivative of -3*d**4/8 - d**3/3 - 4*d**2. What is the units digit of k(-2)?
6
What is the units digit of (-12 - 22)/((-1)/4)?
6
Suppose 5*u - 90 = -0*u. Suppose 4*c - 6*c - p + u = 0, 2*c - 18 = -5*p. Let h = -2 + c. What is the units digit of h?
7
Suppose -5*n = -15 - 10. Suppose 4*c - b = 6 + 9, 21 = n*c + b. Let j = 0 + c. What is the units digit of j?
4
Let y be -2*(3 + (-18)/4). Suppose y*j - 39 = 51. What is the units digit of j?
0
Let i be 3/(-12) - 58/(-8). Suppose -4*q + 5 + i = 0. Suppose 60 = r + q*r. What is the units digit of r?
5
Suppose w + 96 = 3*w. What is the tens digit of w?
4
Suppose 4*d + 16 = 0, 3*q = -d + 4*d + 30. Let b = -3 + q. Let l = 7 - b. What is the units digit of l?
4
Let t be (-3)/(3 - (-7)/(-2)). What is the tens digit of 60/t*10/4?
2
Let t = 115 + -22. Suppose -5*c - 3*x = -155, 7*x - 3*x = 3*c - t. What is the tens digit of c?
3
Let h(f) be the second derivative of -f**3/2 - 2*f**2 - 10*f. What is the units digit of h(-5)?
1
Let n(p) = 4*p**3 - 3*p**3 + 3*p + 3*p + 4 + 5*p**2 - 2*p. What is the units digit of n(-4)?
4
What is the units digit of (4 + -116)/(-1) - 1?
1
Let t(s) = -s + 71. What is the units digit of t(0)?
1
Suppose 5*l - 121 = 19. What is the tens digit of l?
2
Let z be (-81)/(-12) - 1/(-4). Let c = -6 + z. Let a = c - -11. What is the units digit of a?
2
Suppose 583 = 5*r + 4*k, 0 = 3*k - 2 + 11. What is the units digit of r?
9
Let z be (59 - (-4)/(-1)) + 0. Suppose 3*p - 47 = z. What is the tens digit of p?
3
Let n(d) = -d + 1. Let x(c) = -12*c + 6. Let s(y) = -5*n(y) + x(y). Let r(l) = -6*l + 1. Let z(t) = -6*r(t) + 5*s(t). What is the units digit of z(3)?
2
What is the units digit of (4 + -1)/3 - -8?
9
Let x = -5 + 5. Suppose x*q - 35 = -5*q. Let h = 5 + q. What is the units digit of h?
2
Let f = 44 - -103. What is the units digit of f?
7
Let i(d) = 3*d. Let o be i(1). Let w = 2 - o. Let p = 4 + w. What is the units digit of p?
3
Let c = -1 - -5. Suppose c*x - 2*x - 6 = 0. Suppose -1 - 8 = -x*k. What is the units digit of k?
3
Let d = 4 - 4. Suppose d*g = -3*g + 6. Suppose 0 = -5*h - 4*r + 9, g*h - 3*r = -0*h - 1. What is the units digit of h?
1
Let d = 0 - -2. Suppose d*u + 3*u = 20. Suppose -52 = -0*s - u*s. What is the tens digit of s?
1
Let y = 4 + -4. Suppose -4*p + 7 + 1 = y. What is the units digit of p?
2
Suppose -277 = -4*c + 2*k + 3*k, -c + 72 = -4*k. What is the units digit of c?
8
Suppose 3*m = 5*y + 37, -11 = 3*y - 2*y + 3*m. Let v = 8 + y. What is the units digit of 2 + -1 + v - -10?
1
Let a(l) = l**3 - 5*l**2 + 3*l + 8. Let h be a(6). Let i = h - 30. Suppose -j + 3*j = i. What is the tens digit of j?
1
Suppose -5*t = -2*n - 4, 2*t = 3*t + 5*n - 17. Suppose 0 = -p + 5*q, 2*p - 4 - 8 = -t*q. Suppose 8 = -4*v + p*v. What is the units digit of v?
8
Let f be ((-26)/(-4))/(3/18). Let l = -25 + f. What is the units digit of l?
4
Suppose 5*v - 113 = -a + 2*a, -3*v + 5*a = -81. What is the tens digit of v?
2
What is the tens digit of -1 + (-18)/(-15) + (-516)/(-20)?
2
Suppose -4*s - 16 = 0, -3*t + 13 = -4*s - 15. Let n = t + 0. Suppose -n*u - b = -10, -b = -2*u + 2*b - 2. What is the units digit of u?
2
Suppose 2*p = -3*p + 45. Let g = -6 + p. Suppose 0 = 2*l + 2*s - 16 - 10, -g*l + 43 = -s. What is the tens digit of l?
1
Let u = -35 - -98. What is the units digit of u?
3
Let g(v) = -v**3 - 5*v**2 - 2*v - 7. Let r be g(-5). Suppose -2*q + 30 + 0 = 4*z, z = -5*q + r. Suppose -5*u + z = 3. What is the units digit of u?
1
Let v = -11 + 26. Suppose v = y + 4*y. Suppose 2*n = 4*g - 3*n - 29, -y*g + 28 = -5*n. What is the units digit of g?
1
Let z(y) = 96*y + 7. What is the units digit of z(2)?
9
Let b(p) = -p + 30. What is the units digit of b(0)?
0
Let n = -22 - -10. What is the units digit of (-20)/n - (-2)/(-3)?
1
Let c = 18 - 26. Let g = c + 24. Let a = g + -11. What is the units digit of a?
5
Suppose -3*u + 17 + 46 = 3*f, 4*f + 20 = 0. Let p = 9 + u. Suppose -5*h + 10*h = p. What is the units digit of h?
7
Let w(u) = -u - 3. Let o be w(-3). Suppose 2*i + 4*j - 7 = 3*i, 2*i = j + 7. Let d = i - o. What is the units digit of d?
5
Let a(b) = b + 16. Let v be a(0). Suppose 0 = -4*n + 3*z + v, -2*n - 3 = 2*z - 11. Suppose n*c - 18 = -4*g + 2*c, 4*c - 8 = -g. What is the units digit of g?
4
Let k(s) = -s**2 - s + 3. Let d be k(0). Let f be 10/d + 1/(-3). Suppose 0 = -z - f*z + 8. What is the units digit of z?
2
What is the units digit of (2 + 30/(-3))*-1?
8
Let d(u) = -3*u - u + 4*u - u. Let w be d(0). Suppose w = 3*z - 2*z - 1. What is the units digit of z?
1
Let q(i) = i**3 + i + 1. Let f be q(2). Let c = f - 8. Suppose -5*p + 5 = 5*l - 0*l, -c*l = 3. What is the units digit of p?
2
What is the units digit of (-47)/6*-22 + (-22)/(-33)?
3
What is the tens digit of 46 - (-1 + 2)*-1?
4
Let w = 8 - 5. Suppose 5*m - 33 = -w. What is the units digit of m?
6
Let k be (-4)/(-6) - (-15)/(-9). Let f = 8 - k. What is the units digit of f?
9
Suppose -4*l + 121 = -y, 